 number?
True
Is 38953 composite?
False
Is 17827 a composite number?
False
Is 822191 composite?
False
Is 17035 prime?
False
Is 7717 a composite number?
False
Is 793367 a prime number?
False
Is 31519 a prime number?
False
Is 1831 a composite number?
False
Is 4405 composite?
True
Is 186187 composite?
False
Is 238787 prime?
False
Is 83969 a prime number?
True
Is 15233 prime?
True
Is 1933289 a prime number?
True
Is 19934 composite?
True
Is 129451 prime?
False
Is 500521 a prime number?
False
Is 133769 prime?
True
Is 4621 prime?
True
Is 10727 a composite number?
True
Is 502629 a prime number?
False
Is 6503 prime?
False
Is 45233 a prime number?
True
Is 128091 prime?
False
Is 6661 a composite number?
False
Is 194443 prime?
True
Is 31469 a prime number?
True
Is 494023 a composite number?
False
Is 517711 a composite number?
False
Is 72859 a prime number?
True
Is 1523 composite?
False
Is 2099 a prime number?
True
Is 4091 prime?
True
Is 21347 a prime number?
True
Is 14197 composite?
False
Is 87691 prime?
True
Is 30341 composite?
False
Is 164473 a composite number?
True
Is 47269 a composite number?
False
Is 58537 prime?
True
Is 161071 a prime number?
True
Is 49727 composite?
False
Is 7724629 composite?
True
Is 18773 composite?
False
Is 2519189 a prime number?
True
Is 6667 a composite number?
True
Is 5981 a composite number?
False
Is 5213 prime?
False
Is 34901 a prime number?
False
Is 4054 a prime number?
False
Is 547411 prime?
True
Is 29807 a prime number?
False
Is 1648181 prime?
True
Is 24737 a composite number?
True
Is 1173565 a prime number?
False
Is 3622 prime?
False
Is 12959 composite?
False
Is 5493 prime?
False
Is 114223 prime?
False
Is 993 a prime number?
False
Is 1277 a composite number?
False
Is 123887 a composite number?
False
Is 199 composite?
False
Is 4269 composite?
True
Is 105689 composite?
True
Is 9667 composite?
True
Is 10477 a prime number?
True
Is 72679 a composite number?
False
Is 7151 composite?
False
Is 22247 a prime number?
True
Is 814757 a composite number?
True
Is 61573 a prime number?
False
Is 2426 a prime number?
False
Is 33563 a composite number?
False
Is 68947 a prime number?
True
Is 12743 a prime number?
True
Is 61181 a prime number?
False
Is 23038 a composite number?
True
Is 25249 a prime number?
False
Is 368306 composite?
True
Is 507653 a prime number?
False
Is 9461 composite?
False
Is 253 prime?
False
Is 2887363 prime?
True
Is 79459 composite?
True
Is 41343 a composite number?
True
Is 8353 a composite number?
False
Is 513037 composite?
True
Is 112687 a composite number?
False
Is 1977 a composite number?
True
Is 10882 a composite number?
True
Is 1420882 a composite number?
True
Is 1762 composite?
True
Is 1949855 prime?
False
Is 515563 composite?
False
Is 38393 prime?
True
Is 189481 a prime number?
False
Is 34834 a prime number?
False
Is 54121 prime?
True
Is 122167 prime?
True
Is 214 prime?
False
Is 91501 a composite number?
True
Is 254749 composite?
True
Is 1128691 a composite number?
False
Is 69313 composite?
False
Is 15959 a prime number?
True
Is 3761 prime?
True
Is 352645 a composite number?
True
Is 71563 a composite number?
False
Is 12067 prime?
False
Is 88993 a composite number?
False
Is 134321 prime?
False
Is 44151 composite?
True
Is 8797 composite?
True
Is 50207 composite?
False
Is 841345 a composite number?
True
Is 5230895 prime?
False
Is 929483 a composite number?
False
Is 139831 prime?
True
Is 63187 a composite number?
True
Is 429953 a prime number?
True
Is 174283 a composite number?
True
Is 24713 prime?
False
Is 15971 prime?
True
Is 273557 composite?
True
Is 38993 a composite number?
False
Is 40022 a composite number?
True
Is 714281 prime?
False
Is 2111 composite?
False
Is 548719 composite?
False
Is 323 prime?
False
Is 1029139 prime?
True
Is 314707 a composite number?
False
Is 6101 composite?
False
Is 40387 a composite number?
False
Is 49849 prime?
False
Is 21265 prime?
False
Is 116569 prime?
False
Is 1049 a composite number?
False
Is 2547329 a composite number?
True
Is 929539 a composite number?
True
Is 703597 composite?
True
Is 153623 a prime number?
True
Is 877 a composite number?
False
Is 127039 a prime number?
False
Is 5327357 prime?
False
Is 703037 composite?
True
Is 6007 a composite number?
False
Is 2059 prime?
False
Is 11283 composite?
True
Is 8918113 composite?
False
Is 116239 a composite number?
False
Is 537067 a composite number?
False
Is 292997 composite?
True
Is 2747 a prime number?
False
Is 4253 a prime number?
True
Is 136727 prime?
True
Is 282767 composite?
False
Is 32735 composite?
True
Is 15529 composite?
True
Is 608269 a prime number?
True
Is 1048715 prime?
False
Is 34459 a prime number?
False
Is 38147 a composite number?
True
Is 2531 a composite number?
False
Is 263837 a composite number?
True
Is 46399 a composite number?
False
Is 24197 a prime number?
True
Is 21477 prime?
False
Is 14281 composite?
False
Is 172619 a composite number?
False
Is 79967 prime?
True
Is 96047 prime?
False
Is 5737 composite?
False
Is 29989 composite?
False
Is 2019 a prime number?
False
Is 28529 a composite number?
True
Is 396157 a composite number?
False
Is 8903 a composite number?
True
Is 59005 prime?
False
Is 144997 a prime number?
False
Is 38245 a prime number?
False
Is 111211 composite?
False
Is 52433 prime?
True
Is 528191 composite?
False
Is 29641 a composite number?
False
Is 29363 a composite number?
False
Is 9793 a composite number?
True
Is 217901 a prime number?
True
Is 498751 a prime number?
False
Is 20363 composite?
True
Is 103577 a composite number?
False
Is 48019 a prime number?
False
Is 1541 prime?
False
Is 266971 prime?
True
Is 8581 a composite number?
False
Is 10279 a composite number?
True
Is 246317 a prime number?
True
Is 2256661 a composite number?
True
Is 1265483 a prime number?
False
Is 33091 composite?
False
Is 1645301 a composite number?
True
Is 10813 a composite number?
True
Is 45523 a prime number?
True
Is 5209 a prime number?
True
Is 2157709 a composite number?
False
Is 115139 a prime number?
False
Is 177209 composite?
False
Is 234833 composite?
False
Is 9407 a composite number?
True
Is 1361 composite?
False
Is 67955 a composite number?
True
Is 48361 composite?
True
Is 1680199 a composite number?
True
Is 200461 composite?
False
Is 768457 a composite number?
False
Is 7397 composite?
True
Is 91019 prime?
True
Is 290317 a prime number?
True
Is 64679 prime?
True
Is 1361 a composite number?
False
Is 102605 a composite number?
True
Is 830789 composite?
False
Is 681635 a prime number?
False
Is 385261 prime?
True
Is 21531 a composite number?
True
Is 256577 a prime number?
True
Is 122669 prime?
False
Is 293983 a prime number?
True
Is 2179193 prime?
False
Is 48647 prime?
True
Is 1299 composite?
True
Is 3649 a composite number?
True
Is 64873 a prime number?
False
Is 9899 prime?
False
Is 285707 a prime number?
True
Is 82757 a prime number?
True
Is 2771547 composite?
True
Is 42899 prime?
True
Is 979 a composite number?
True
Is 211 composite?
False
Is 25523 prime?
True
Is 820673 composite?
True
Is 21059 a prime number?
True
Is 139067 composite?
False
Is 21509 prime?
False
Is 115279 composite?
False
Is 4317 a composite number?
True
Is 89 a prime number?
True
Is 2899 composite?
True
Is 6406 a composite number?
True
Is 31541 composite?
False
Is 72499 prime?
False
Is 8620829 composite?
True
Is 102343 a prime number?
False
Is 13751 prime?
True
Is 22241 a prime number?
False
Is 1985 prime?
False
Is 36353 a composite number?
False
Is 373313 a composite number?
True
Is 60371 composite?
True
Is 248351 composite?
False
Is 3749 composite?
True
Is 12981 a prime number?
False
Is 91111 a composite number?
True
Is 34703 prime?
True
Is 3659 composite?
False
Is 430327 composite?
True
Is 31461 composite?
True
Is 32353 composite?
False
Is 83899 composite?
True
Is 446983 a composite number?
False
Is 60689 prime?
True
Is 128009 a composite number?
True
Is 882433 a composite number?
False
Is 27229 a composite number?
True
Is 40709 composite?
False
Is 561829 prime?
True
Is 1061 composite?
False
Is 73409 a prime number?
False
Is 808919 composite?
False
Is 62701 a prime number?
True
Is 513031 composite?
False
Is 3433 composite?
False
Is 200101 a prime number?
False
Is 534503 a composite number?
True
Is 84023 a composite number?
T